2))/12?
4
Let u = 2 + 325. What is the tens digit of u?
2
Suppose 3447 = 8*i + i. What is the hundreds digit of i?
3
Suppose -4*r + 37280 = 36*r. What is the hundreds digit of r?
9
Suppose -64 = 3*f - 0*f - 5*m, 14 = -3*f - 5*m. Let j = f - -18. Suppose t - 32 = 2*p - 5, -5*t + 130 = -j*p. What is the units digit of t?
5
Let h = 442 - 165. What is the hundreds digit of h?
2
Suppose v + 2*s + 1 = 0, 0*v - 2*v + 2*s + 4 = 0. Let t = 1 + v. What is the units digit of (-16)/(t - 1)*-2?
2
Let s(w) = -22*w**2 + 4*w - 7. Let p(o) = 177*o**2 - 33*o + 57. Let b(j) = -4*p(j) - 33*s(j). What is the units digit of b(2)?
5
Let r be 4 + -1 - -3*(2 + -3). Suppose r = -h - 6*h + 749. What is the tens digit of h?
0
Let k(x) = 8*x - 4 - 8 - 15. Let u = 37 - 26. What is the units digit of k(u)?
1
Let m = 136 - -186. What is the units digit of m?
2
Let i(r) = 82*r - 24. Let f(j) = -81*j + 23. Let p(u) = -6*f(u) - 5*i(u). What is the hundreds digit of p(3)?
2
Let n(w) be the second derivative of -w**4/12 - 13*w**3/6 + 8*w**2 - 7*w. Let u be n(-12). Let q = 78 - u. What is the units digit of q?
0
Suppose 5*j = -11 + 66. Let y = j + -11. Suppose y = 2*x + 5*m - 51 - 75, -5*m + 58 = x. What is the units digit of x?
8
Suppose 5*f + 5*y + 160 = 0, f - 3*f - 85 = -5*y. Let h = f - -37. What is the tens digit of h/4 - 429/(-26)?
1
Suppose -b + 0*b = 32. Let p = b + 10. Let o = p - -56. What is the units digit of o?
4
Suppose 2*n = -n + 120. Suppose -3*y + n = -113. Suppose -a - 2*t - 7 = -y, 0 = -4*a + 2*t + 166. What is the units digit of a?
2
Suppose 5 = p + 3. Suppose -3*n + p + 4 = 0. Suppose -n*v - 5*u = -47, -5*v - 2*u = 2*u - 109. What is the tens digit of v?
2
Let x be (-4)/(-10) - 102/5. Let b(w) = -w**2 + 31*w + 146. Let p be b(36). Let k = x - p. What is the units digit of k?
4
Suppose 2*u - 294 = -5*g + 840, -2*u - g = -1126. What is the units digit of u?
2
Let u be (-16)/24 - 23/(-3). Suppose 0 = -3*j + 9 + 6. Suppose -u*q + 42 = -j*q. What is the tens digit of q?
2
Let v be 21/12*(-8)/(2*-1). Let g(x) = 3*x**2 - 10*x + 7. What is the units digit of g(v)?
4
Suppose 90 = -7*u + 8*u. Let l be (9/5)/(2/u). Suppose -2*x - 10 = 0, -3*h + l = -h + x. What is the tens digit of h?
4
Suppose 2*o - 3*z = -5, -4*z = -4*o - 2 - 2. Suppose -2*i + a + 301 = -o*a, 2*i - 289 = -a. What is the units digit of i?
6
Let w = -44 - -62. Suppose w = n - c, 2*n - 38 = 5*c - c. What is the tens digit of n?
1
Suppose -146 = 4*b - 5*t, -5*t - 123 = 5*b + 82. Let y = b + 60. What is the tens digit of y/14*76/6?
1
Let h(l) = 2*l**2 - 19*l + 17. Let q(p) = -5*p**2 + 38*p - 34. Let t(z) = 7*h(z) + 3*q(z). What is the tens digit of t(-17)?
5
What is the thousands digit of ((-42317)/132)/(1/(-12))?
3
Suppose 3 = -v + 4*v. Suppose 14*q = 9*q + 8*q. Suppose q*z + 2*r + 2 = -z, 0 = -2*z - 3*r - v. What is the units digit of z?
4
Let x be (-6)/(7/((-14)/3)). Suppose -3*i - z + 105 = 0, -x*z + 30 = -5*i + 205. What is the units digit of i?
5
Suppose z - 4*j = 28 - 3, -30 = -5*z + j. Suppose -c + 32 = -3*o, 5*c = z*o - o + 61. What is the units digit of (-2 - -7)*(-9)/o?
5
Suppose -5207 = -7*d + 1205. What is the units digit of d?
6
Let j = 70 - 63. Suppose 0 = 5*o - 3*c - 811, -c + j = -o + 168. What is the hundreds digit of o?
1
Suppose 13*j - 7*j = 0. Suppose j = -6*c + 235 + 431. What is the tens digit of c?
1
Let l(j) = 166*j**2 + 14*j + 27. What is the hundreds digit of l(-2)?
6
Let k = -17 + 50. Let d = 71 - k. What is the units digit of d?
8
Suppose -h = i - 2*h - 466, -2*i + 952 = 2*h. What is the units digit of i?
1
What is the hundreds digit of (-585 + 3)/(-1) - (-13 + 18)?
5
Let k(w) = 3*w**2 - 2*w**2 + 2*w**2 + w**2. Let f be k(-1). Suppose -4*r + 3*r + 3 = f*y, -4*y + r + 13 = 0. What is the units digit of y?
2
Let r(z) = 1153*z**2 - 4*z - 7. What is the thousands digit of r(-1)?
1
Suppose -5*w - 3*b - 12 = -4*w, 4*w + b = 7. Suppose 2*s + 6 = w*s. Let c(t) = t**3 - 7*t**2 + 6*t + 2. What is the units digit of c(s)?
2
Let t(m) be the second derivative of m**3/2 + 7*m**2/2 - 12*m. What is the tens digit of t(17)?
5
Suppose 0 = -5*h + 5*j + 303 + 422, 5*j = 4*h - 584. Let y = -50 + h. What is the units digit of y?
1
Let x(t) = -t**2 + 11*t - 7. Let g be x(10). Suppose 3*d = -g*z + 6, -d - 4*z = -z. Suppose 2*a = d*k - 59, -3*k + 101 = 2*k - 2*a. What is the tens digit of k?
2
Let n be -100*(5 + (-3 - 4)). Let f = -13 + n. What is the hundreds digit of f?
1
Let v(r) = r**2 - 3*r + 2. Let n be v(0). What is the tens digit of (16/20)/(n/190)?
7
Let n be (28495/82)/(1/2). Suppose 0 = 5*b - n - 200. What is the hundreds digit of b?
1
Suppose 10 - 2 = 4*a. Suppose -4*w - 2 = -a*q, -4*w + 12 = 4*q - 4. What is the tens digit of 34 + (q - 2/1)?
3
Let p(h) = -66*h - 121. What is the units digit of p(-21)?
5
Suppose 0*f + 371 = f - 5*t, 5*t = -5*f + 1735. What is the units digit of f?
1
Suppose -3*h = -3*y + h + 77, -y + 44 = -5*h. Suppose -y - 10 = -x. What is the tens digit of x?
2
Let d(a) = a**3 - 6*a**2 - 5*a - 14. Let v be d(7). Suppose v = -w - 12 + 116. What is the hundreds digit of w?
1
Suppose 0*n + 4*n - y + 1198 = 0, -3*n - 3*y - 906 = 0. What is the tens digit of 3/(-2)*n/9?
5
Let v(x) = 57*x - 7. Suppose 0 = -0*g + 3*g - 9. Let f be v(g). Suppose 2*j + 2*j = f. What is the units digit of j?
1
Let n(k) = -k**2 + 9*k - 17. Let b be n(4). What is the units digit of (-1)/b - (-980)/42?
3
Suppose -2*p + 4 = 3*n - 8, -3*n + 6 = 0. Suppose 4*r - p*r = 11. Suppose -2*h = 3*o - r, 4*o + o - 33 = 4*h. What is the units digit of o?
5
Let y = -44 + 34. What is the units digit of 506/9 - (-5)/(225/y)?
6
Let p be 2/((-4)/(-6)) - 34. Suppose -2*k - 75 = -j - 6*k, -5*j + 375 = -4*k. Let l = j + p. What is the units digit of l?
4
Suppose 4 = 5*r + 3*k - 5*k, 0 = r + 2*k - 8. Suppose 114 = 2*h - v - 56, -r*h = -2*v - 172. What is the units digit of h?
4
Let p = 2 - -6. Let z be p/2 + 6 + -7. Suppose -z*r = -r - 50. What is the units digit of r?
5
Let u(t) = -20*t. Let l = -5 - 0. Let o be u(l). Suppose 0 = 5*y + 5*c - o, 2*y + c = -y + 54. What is the tens digit of y?
1
Let q(f) = 406*f + 147. What is the hundreds digit of q(4)?
7
Let o = -7 - -7. What is the tens digit of 1*(0 - (-33 + o))?
3
Let a(x) be the third derivative of x**6/20 - x**5/60 + x**3/6 + 6*x**2. Let s be a(-1). What is the tens digit of (37 + s + 3)/2?
1
Suppose 783 = -9*v + 13221. What is the tens digit of v?
8
Suppose -2*i + 0*f - 5*f = -294, -2*i + 3*f = -326. Suppose 3*l + 14 = -i. Let h = 101 + l. What is the tens digit of h?
4
What is the tens digit of -3 - (-42)/(1696/280 - 6)?
3
Suppose -15667 = -18*x + 16013. What is the thousands digit of x?
1
Let v(u) = -4*u + 46. Let j be (-4)/48*3*0. What is the tens digit of v(j)?
4
Let c(x) = -x**3 - 6*x**2 + 10*x + 2. Let y be c(-7). What is the tens digit of (0 - y)/(2/4)?
3
Let s(k) be the second derivative of -k**3/6 - k**2 + 2*k. Let l be s(-4). Suppose -l*h + 34 = -12. What is the tens digit of h?
2
Let h(i) = -i**3 - 3*i**2 + 2. Let q be h(-3). Let c be (0/q - -2)*2. Suppose c*b - 14 - 38 = 0. What is the units digit of b?
3
Let m = -1980 - -3094. What is the tens digit of m?
1
Let s be -4 - (-4 - -1 - 9). Suppose 2*u = 3*u + 2*w - 61, 4*w + s = 0. What is the units digit of u?
5
Let w = 43 + 33. Let g(v) = -w + v + 78 - 2*v. What is the units digit of g(-19)?
1
Let p = -31 + 34. Let y be (-20)/12*(-9)/p. Suppose 35 = 2*z + y*z. What is the units digit of z?
5
Suppose -937 - 924 = -5*y + 3*v, -5*v = -y + 359. What is the hundreds digit of y?
3
Let j(l) = -17*l + 668. What is the tens digit of j(0)?
6
Let m(g) = 2*g - 4. Suppose -5*x + 1 = -4, -4*k + x = -19. Let t be m(k). Suppose -3 = -p, -p + 25 + t = 2*b. What is the tens digit of b?
1
Let p(o) = -o**3 + 8*o**2 + 2*o - 9. Let r be (-2)/4*(1 + -15). What is the units digit of p(r)?
4
Suppose -1833 = 7*n - 7923. Suppose 5*r - n = -k - 4*k, 2*k + 4*r - 354 = 0. What is the hundreds digit of k?
1
Let t be 3/9 - 680/24. Let w = 33 - t. What is the units digit of w?
1
Suppose 5*y = -4*u + 2386 + 1472, -3*u - 2304 = -3*y. What is the hundreds digit of y?
7
Let i(q) be the second derivative of q**5/20 + 2*q**4/3 + 3*q**3/2 + 5*q**2/2 + 16*q. What is the units digit of i(-3)?
3
Suppose -6606 = -2*j - 4*c, -6*c - 4179 = -2*j 